{"id":269,"date":"2025-12-26T01:57:26","date_gmt":"2025-12-26T00:57:26","guid":{"rendered":"https:\/\/www.la-bulle-massage.ch\/?page_id=269"},"modified":"2026-02-23T18:22:02","modified_gmt":"2026-02-23T17:22:02","slug":"coaching-sportif","status":"publish","type":"page","link":"https:\/\/www.la-bulle-massage.ch\/index.php\/coaching-sportif\/","title":{"rendered":"Coaching sportif"},"content":{"rendered":"\t\t<div data-elementor-type=\"wp-page\" data-elementor-id=\"269\" class=\"elementor elementor-269\" data-elementor-post-type=\"page\">\n\t\t\t\t<div class=\"elementor-element elementor-element-5e82d58 e-con-full e-flex wpr-particle-no wpr-jarallax-no wpr-parallax-no wpr-sticky-section-no e-con e-parent\" data-id=\"5e82d58\" data-element_type=\"container\" data-e-type=\"container\">\n\t\t<div class=\"elementor-element elementor-element-714065ae e-con-full e-flex wpr-particle-no wpr-jarallax-no wpr-parallax-no wpr-sticky-section-no e-con e-child\" data-id=\"714065ae\" data-element_type=\"container\" data-e-type=\"container\">\n\t\t\t\t<div class=\"elementor-element elementor-element-124a5ddf exad-sticky-section-no exad-glass-effect-no elementor-widget elementor-widget-eael-breadcrumbs\" data-id=\"124a5ddf\" data-element_type=\"widget\" data-e-type=\"widget\" data-widget_type=\"eael-breadcrumbs.default\">\n\t\t\t\t<div class=\"elementor-widget-container\">\n\t\t\t\t\t\t\t<div class=\"eael-breadcrumbs\">\n\t\t\t\t\t\t<div class=\"eael-breadcrumbs__prefix\">\n\t\t\t\t<a href=\"https:\/\/www.la-bulle-massage.ch\" class=\"eael-breadcrumbs__prefix-link\"><svg aria-hidden=\"true\" class=\"e-font-icon-svg e-far-circle\" viewBox=\"0 0 512 512\" xmlns=\"http:\/\/www.w3.org\/2000\/svg\"><path d=\"M256 8C119 8 8 119 8 256s111 248 248 248 248-111 248-248S393 8 256 8zm0 448c-110.5 0-200-89.5-200-200S145.5 56 256 56s200 89.5 200 200-89.5 200-200 200z\"><\/path><\/svg><\/a>\t\t\t<\/a>\n\t\t\t<\/div>\n\t\t\t<div class=\"eael-breadcrumbs__content\"><a href=\"https:\/\/www.la-bulle-massage.ch\">Accueil<\/a> <span class=\"eael-breadcrumb-separator\">\/<\/span> <span class = \"eael-current\">Page<\/span><\/div>\t\t<\/div>\n\t\t\t\t\t\t<\/div>\n\t\t\t\t<\/div>\n\t\t\t\t<\/div>\n\t\t<div class=\"elementor-element elementor-element-44be2910 e-con-full e-flex wpr-particle-no wpr-jarallax-no wpr-parallax-no wpr-sticky-section-no e-con e-child\" data-id=\"44be2910\" data-element_type=\"container\" data-e-type=\"container\">\n\t\t\t\t<div class=\"elementor-element elementor-element-53c337ff exad-sticky-section-no exad-glass-effect-no elementor-widget elementor-widget-global elementor-global-152 elementor-widget-theme-post-title\" data-id=\"53c337ff\" data-element_type=\"widget\" data-e-type=\"widget\" data-widget_type=\"theme-post-title.default\">\n\t\t\t\t\t<h1 class=\"elementor-heading-title elementor-size-default\">Coaching sportif<\/h1>\t\t\t\t<\/div>\n\t\t\t\t<\/div>\n\t\t\t\t<\/div>\n\t\t<div class=\"elementor-element elementor-element-6380b07 e-flex e-con-boxed wpr-particle-no wpr-jarallax-no wpr-parallax-no wpr-sticky-section-no e-con e-parent\" data-id=\"6380b07\" data-element_type=\"container\" data-e-type=\"container\">\n\t\t\t\t\t<div class=\"e-con-inner\">\n\t\t<div class=\"elementor-element elementor-element-c23cc95 e-con-full e-flex wpr-particle-no wpr-jarallax-no wpr-parallax-no wpr-sticky-section-no e-con e-child\" data-id=\"c23cc95\" data-element_type=\"container\" data-e-type=\"container\">\n\t\t\t\t<div class=\"elementor-element elementor-element-1c4cfc9 exad-sticky-section-no exad-glass-effect-no elementor-widget elementor-widget-image\" data-id=\"1c4cfc9\" data-element_type=\"widget\" data-e-type=\"widget\" data-widget_type=\"image.default\">\n\t\t\t\t\t\t\t\t\t\t\t\t\t\t\t<img fetchpriority=\"high\" decoding=\"async\" width=\"800\" height=\"450\" src=\"https:\/\/www.la-bulle-massage.ch\/wp-content\/uploads\/2025\/12\/Coaching_sport_1-1024x576.webp\" class=\"attachment-large size-large wp-image-364\" alt=\"\" srcset=\"https:\/\/www.la-bulle-massage.ch\/wp-content\/uploads\/2025\/12\/Coaching_sport_1-1024x576.webp 1024w, https:\/\/www.la-bulle-massage.ch\/wp-content\/uploads\/2025\/12\/Coaching_sport_1-300x169.webp 300w, https:\/\/www.la-bulle-massage.ch\/wp-content\/uploads\/2025\/12\/Coaching_sport_1-768x432.webp 768w, https:\/\/www.la-bulle-massage.ch\/wp-content\/uploads\/2025\/12\/Coaching_sport_1-1536x864.webp 1536w, https:\/\/www.la-bulle-massage.ch\/wp-content\/uploads\/2025\/12\/Coaching_sport_1-scaled.webp 1920w\" sizes=\"(max-width: 800px) 100vw, 800px\" \/>\t\t\t\t\t\t\t\t\t\t\t\t\t\t\t<\/div>\n\t\t\t\t<div class=\"elementor-element elementor-element-2e4cb293 exad-sticky-section-no exad-glass-effect-no elementor-widget elementor-widget-text-editor\" data-id=\"2e4cb293\" data-element_type=\"widget\" data-e-type=\"widget\" data-widget_type=\"text-editor.default\">\n\t\t\t\t\t\t\t\t\t<p>Le sport fait partie int\u00e9grante de ma vie depuis toujours. <br \/><br \/>Basket, v\u00e9lo, course \u00e0 pied, ski de randonn\u00e9e, squash, fitness et cours collectifs ont construit ma compr\u00e9hension du corps, de ses capacit\u00e9s et de ses \u00e9quilibres.<br \/><br \/>Afin d\u2019offrir un accompagnement structur\u00e9 et qualitatif, j\u2019ai suivi plusieurs formations professionnelles en coaching sportif, fitness et encadrement de cours collectifs. Cette d\u00e9marche m\u2019a permis d\u2019acqu\u00e9rir les connaissances essentielles en anatomie, biom\u00e9canique, progression et s\u00e9curit\u00e9, indispensables \u00e0 un coaching s\u00e9rieux et efficace.<br \/><br \/>J\u2019accompagne chaque personne avec exigence et bienveillance, en travaillant la posture, la mobilit\u00e9, le renforcement musculaire, la performance et la motivation.<br \/><br \/>En s\u00e9ance individuelle ou en groupe, mon approche reste personnalis\u00e9e, progressive et respectueuse du rythme de chacun.<\/p>\t\t\t\t\t\t\t\t<\/div>\n\t\t\t\t<\/div>\n\t\t<div class=\"elementor-element elementor-element-c87da8c e-con-full e-flex wpr-particle-no wpr-jarallax-no wpr-parallax-no wpr-sticky-section-no e-con e-child\" data-id=\"c87da8c\" data-element_type=\"container\" data-e-type=\"container\">\n\t\t\t\t<div class=\"elementor-element elementor-element-bd9db1f exad-sticky-section-no exad-glass-effect-no elementor-widget elementor-widget-text-editor\" data-id=\"bd9db1f\" data-element_type=\"widget\" data-e-type=\"widget\" data-widget_type=\"text-editor.default\">\n\t\t\t\t\t\t\t\t\t<p><strong>Programme personnalis\u00e9<\/strong><\/p><p>Un programme personnalis\u00e9 pour r\u00e9pondre aux besoins sp\u00e9cifiques de chaque personne, centr\u00e9 sur le bien-\u00eatre, le renforcement de l&#8217;estime de soi, la reconnexion \u00e0 soi et le renforcement du corps :<\/p><ul><li><strong>Bien-\u00eatre :<\/strong> Se retrouver et apprendre \u00e0 s&#8217;aimer \u00e0 travers un accompagnement sur mesure.<\/li><li><b>Renforcement musculaire : <\/b>Tonification et gain de force.<\/li><li><b>Coordination et \u00e9quilibre : <\/b>Am\u00e9lioration de la posture et des mouvements fonctionnels.<\/li><li><b>Cardio et explosivit\u00e9 : <\/b>D\u00e9veloppement de l&#8217;endurance et des capacit\u00e9s cardiovasculaires.<\/li><li><b>Nutrition :<\/b>\u00a0Conseils personnalis\u00e9s pour une alimentation \u00e9quilibr\u00e9e adapt\u00e9e \u00e0 vos objectifs et \u00e0 votre mode de vie, pour soutenir vos efforts physiques et optimiser les r\u00e9sultats.<\/li><\/ul>\t\t\t\t\t\t\t\t<\/div>\n\t\t\t\t<\/div>\n\t\t\t\t\t<\/div>\n\t\t\t\t<\/div>\n\t\t<div class=\"elementor-element elementor-element-750aae43 e-flex e-con-boxed wpr-particle-no wpr-jarallax-no wpr-parallax-no wpr-sticky-section-no e-con e-parent\" data-id=\"750aae43\" data-element_type=\"container\" data-e-type=\"container\" data-settings=\"{&quot;background_background&quot;:&quot;classic&quot;}\">\n\t\t\t\t\t<div class=\"e-con-inner\">\n\t\t<div class=\"elementor-element elementor-element-60b65a9 e-con-full e-flex wpr-particle-no wpr-jarallax-no wpr-parallax-no wpr-sticky-section-no e-con e-child\" data-id=\"60b65a9\" data-element_type=\"container\" data-e-type=\"container\" data-settings=\"{&quot;background_background&quot;:&quot;classic&quot;}\">\n\t\t\t\t<div class=\"elementor-element elementor-element-6b0cd548 exad-sticky-section-no exad-glass-effect-no elementor-widget elementor-widget-text-editor\" data-id=\"6b0cd548\" data-element_type=\"widget\" data-e-type=\"widget\" data-widget_type=\"text-editor.default\">\n\t\t\t\t\t\t\t\t\t<p><b>Informations :<\/b><\/p>\n<p>Dur\u00e9e minimale : 3 mois<br>2 s\u00e9ances de 60 min \/ semaine<\/p>\n<p>Tous les coachings sont fix\u00e9s \u00e0 l\u2019avance et disponibles uniquement par abonnement<\/p>\t\t\t\t\t\t\t\t<\/div>\n\t\t\t\t<\/div>\n\t\t<div class=\"elementor-element elementor-element-4b46a90b e-con-full e-flex wpr-particle-no wpr-jarallax-no wpr-parallax-no wpr-sticky-section-no e-con e-child\" data-id=\"4b46a90b\" data-element_type=\"container\" data-e-type=\"container\">\n\t\t\t\t<div class=\"elementor-element elementor-element-7c7dba82 exad-sticky-section-no exad-glass-effect-no elementor-widget elementor-widget-price-table\" data-id=\"7c7dba82\" data-element_type=\"widget\" data-e-type=\"widget\" data-widget_type=\"price-table.default\">\n\t\t\t\t\t\n\t\t<div class=\"elementor-price-table\">\n\t\t\t\t\t\t\t<div class=\"elementor-price-table__header\">\n\t\t\t\t\t\t\t\t\t\t\t<h3 class=\"elementor-price-table__heading\">\n\t\t\t\t\t\tCoaching priv\u00e9\t\t\t\t\t\t<\/h3>\n\t\t\t\t\t\n\t\t\t\t\t\t\t\t\t\t\t<span class=\"elementor-price-table__subheading\">\n\t\t\t\t\t\t\tIndividuel\t\t\t\t\t\t<\/span>\n\t\t\t\t\t\t\t\t\t<\/div>\n\t\t\t\n\t\t\t<div class=\"elementor-price-table__price\">\n\t\t\t\t\t\t\t\t\t\t\t\t\n\t\t\t\t\n\t\t\t\t\n\t\t\t\t\t\t\t<\/div>\n\n\t\t\t\t\t\t\t<ul class=\"elementor-price-table__features-list\">\n\t\t\t\t\t\t\t\t\t\t\t<li class=\"elementor-repeater-item-db30416\">\n\t\t\t\t\t\t\t<div class=\"elementor-price-table__feature-inner\">\n\t\t\t\t\t\t\t\t\t\t\t\t\t\t\t\t\t\t\t\t\t\t\t\t\t<span >\n\t\t\t\t\t\t\t\t\t\t 3 mois : 2'000 .-\t\t\t\t\t\t\t\t\t<\/span>\n\t\t\t\t\t\t\t\t\t\t\t\t\t\t\t\t<\/div>\n\t\t\t\t\t\t<\/li>\n\t\t\t\t\t\t\t\t\t\t\t<li class=\"elementor-repeater-item-c7f9179\">\n\t\t\t\t\t\t\t<div class=\"elementor-price-table__feature-inner\">\n\t\t\t\t\t\t\t\t\t\t\t\t\t\t\t\t\t\t\t\t\t\t\t\t\t<span >\n\t\t\t\t\t\t\t\t\t\t6 mois : 3'800 .-\t\t\t\t\t\t\t\t\t<\/span>\n\t\t\t\t\t\t\t\t\t\t\t\t\t\t\t\t<\/div>\n\t\t\t\t\t\t<\/li>\n\t\t\t\t\t\t\t\t\t\t\t<li class=\"elementor-repeater-item-504aa29\">\n\t\t\t\t\t\t\t<div class=\"elementor-price-table__feature-inner\">\n\t\t\t\t\t\t\t\t\t\t\t\t\t\t\t\t\t\t\t\t\t\t\t\t\t<span >\n\t\t\t\t\t\t\t\t\t\t 12 mois : 7'400 .-\t\t\t\t\t\t\t\t\t<\/span>\n\t\t\t\t\t\t\t\t\t\t\t\t\t\t\t\t<\/div>\n\t\t\t\t\t\t<\/li>\n\t\t\t\t\t\t\t\t\t<\/ul>\n\t\t\t\n\t\t\t\t\t<\/div>\n\n\t\t\t\t\t\t<\/div>\n\t\t\t\t<\/div>\n\t\t<div class=\"elementor-element elementor-element-48691a73 e-con-full e-flex wpr-particle-no wpr-jarallax-no wpr-parallax-no wpr-sticky-section-no e-con e-child\" data-id=\"48691a73\" data-element_type=\"container\" data-e-type=\"container\">\n\t\t\t\t<div class=\"elementor-element elementor-element-1906e512 exad-sticky-section-no exad-glass-effect-no elementor-widget elementor-widget-price-table\" data-id=\"1906e512\" data-element_type=\"widget\" data-e-type=\"widget\" data-widget_type=\"price-table.default\">\n\t\t\t\t\t\n\t\t<div class=\"elementor-price-table\">\n\t\t\t\t\t\t\t<div class=\"elementor-price-table__header\">\n\t\t\t\t\t\t\t\t\t\t\t<h3 class=\"elementor-price-table__heading\">\n\t\t\t\t\t\tCoaching duo\t\t\t\t\t\t<\/h3>\n\t\t\t\t\t\n\t\t\t\t\t\t\t\t\t\t\t<span class=\"elementor-price-table__subheading\">\n\t\t\t\t\t\t\t(2 personnes)\t\t\t\t\t\t<\/span>\n\t\t\t\t\t\t\t\t\t<\/div>\n\t\t\t\n\t\t\t<div class=\"elementor-price-table__price\">\n\t\t\t\t\t\t\t\t\t\t\t\t\n\t\t\t\t\n\t\t\t\t\n\t\t\t\t\t\t\t<\/div>\n\n\t\t\t\t\t\t\t<ul class=\"elementor-price-table__features-list\">\n\t\t\t\t\t\t\t\t\t\t\t<li class=\"elementor-repeater-item-0c2252a\">\n\t\t\t\t\t\t\t<div class=\"elementor-price-table__feature-inner\">\n\t\t\t\t\t\t\t\t\t\t\t\t\t\t\t\t\t\t\t\t\t\t\t\t\t<span >\n\t\t\t\t\t\t\t\t\t\t3 mois : 1'400 .-\t\t\t\t\t\t\t\t\t<\/span>\n\t\t\t\t\t\t\t\t\t\t\t\t\t\t\t\t<\/div>\n\t\t\t\t\t\t<\/li>\n\t\t\t\t\t\t\t\t\t\t\t<li class=\"elementor-repeater-item-3486195\">\n\t\t\t\t\t\t\t<div class=\"elementor-price-table__feature-inner\">\n\t\t\t\t\t\t\t\t\t\t\t\t\t\t\t\t\t\t\t\t\t\t\t\t\t<span >\n\t\t\t\t\t\t\t\t\t\t6 mois : 2\u2019800 .-\t\t\t\t\t\t\t\t\t<\/span>\n\t\t\t\t\t\t\t\t\t\t\t\t\t\t\t\t<\/div>\n\t\t\t\t\t\t<\/li>\n\t\t\t\t\t\t\t\t\t\t\t<li class=\"elementor-repeater-item-1b2f9be\">\n\t\t\t\t\t\t\t<div class=\"elementor-price-table__feature-inner\">\n\t\t\t\t\t\t\t\t\t\t\t\t\t\t\t\t\t\t\t\t\t\t\t\t\t<span >\n\t\t\t\t\t\t\t\t\t\t12 mois : 5\u2019700 .-\t\t\t\t\t\t\t\t\t<\/span>\n\t\t\t\t\t\t\t\t\t\t\t\t\t\t\t\t<\/div>\n\t\t\t\t\t\t<\/li>\n\t\t\t\t\t\t\t\t\t<\/ul>\n\t\t\t\n\t\t\t\t\t<\/div>\n\n\t\t\t\t\t\t<\/div>\n\t\t\t\t<\/div>\n\t\t<div class=\"elementor-element elementor-element-24920c9a e-con-full e-flex wpr-particle-no wpr-jarallax-no wpr-parallax-no wpr-sticky-section-no e-con e-child\" data-id=\"24920c9a\" data-element_type=\"container\" data-e-type=\"container\">\n\t\t\t\t<div class=\"elementor-element elementor-element-359d5eb exad-sticky-section-no exad-glass-effect-no elementor-widget elementor-widget-price-table\" data-id=\"359d5eb\" data-element_type=\"widget\" data-e-type=\"widget\" data-widget_type=\"price-table.default\">\n\t\t\t\t\t\n\t\t<div class=\"elementor-price-table\">\n\t\t\t\t\t\t\t<div class=\"elementor-price-table__header\">\n\t\t\t\t\t\t\t\t\t\t\t<h3 class=\"elementor-price-table__heading\">\n\t\t\t\t\t\tCoaching petit groupe\t\t\t\t\t\t<\/h3>\n\t\t\t\t\t\n\t\t\t\t\t\t\t\t\t\t\t<span class=\"elementor-price-table__subheading\">\n\t\t\t\t\t\t\t(4 personnes)\t\t\t\t\t\t<\/span>\n\t\t\t\t\t\t\t\t\t<\/div>\n\t\t\t\n\t\t\t<div class=\"elementor-price-table__price\">\n\t\t\t\t\t\t\t\t\t\t\t\t\n\t\t\t\t\n\t\t\t\t\n\t\t\t\t\t\t\t<\/div>\n\n\t\t\t\t\t\t\t<ul class=\"elementor-price-table__features-list\">\n\t\t\t\t\t\t\t\t\t\t\t<li class=\"elementor-repeater-item-d411b3d\">\n\t\t\t\t\t\t\t<div class=\"elementor-price-table__feature-inner\">\n\t\t\t\t\t\t\t\t\t\t\t\t\t\t\t\t\t\t\t\t\t\t\t\t\t<span >\n\t\t\t\t\t\t\t\t\t\t3 mois : 900 .-\t\t\t\t\t\t\t\t\t<\/span>\n\t\t\t\t\t\t\t\t\t\t\t\t\t\t\t\t<\/div>\n\t\t\t\t\t\t<\/li>\n\t\t\t\t\t\t\t\t\t\t\t<li class=\"elementor-repeater-item-0c13f7a\">\n\t\t\t\t\t\t\t<div class=\"elementor-price-table__feature-inner\">\n\t\t\t\t\t\t\t\t\t\t\t\t\t\t\t\t\t\t\t\t\t\t\t\t\t<span >\n\t\t\t\t\t\t\t\t\t\t6 mois : 1\u2019920 .-\t\t\t\t\t\t\t\t\t<\/span>\n\t\t\t\t\t\t\t\t\t\t\t\t\t\t\t\t<\/div>\n\t\t\t\t\t\t<\/li>\n\t\t\t\t\t\t\t\t\t\t\t<li class=\"elementor-repeater-item-cd4a9e2\">\n\t\t\t\t\t\t\t<div class=\"elementor-price-table__feature-inner\">\n\t\t\t\t\t\t\t\t\t\t\t\t\t\t\t\t\t\t\t\t\t\t\t\t\t<span >\n\t\t\t\t\t\t\t\t\t\t12 mois : 3\u2019800 .-\t\t\t\t\t\t\t\t\t<\/span>\n\t\t\t\t\t\t\t\t\t\t\t\t\t\t\t\t<\/div>\n\t\t\t\t\t\t<\/li>\n\t\t\t\t\t\t\t\t\t<\/ul>\n\t\t\t\n\t\t\t\t\t<\/div>\n\n\t\t\t\t\t\t<\/div>\n\t\t\t\t<\/div>\n\t\t\t\t\t<\/div>\n\t\t\t\t<\/div>\n\t\t\t\t<\/div>\n\t\t","protected":false},"excerpt":{"rendered":"<p>Accueil \/ Page Le sport fait partie int\u00e9grante de ma vie depuis toujours. Basket, v\u00e9lo, course \u00e0 pied, ski de randonn\u00e9e, squash, fitness et cours collectifs ont construit ma compr\u00e9hension du corps, de ses capacit\u00e9s et de ses \u00e9quilibres. Afin d\u2019offrir un accompagnement structur\u00e9 et qualitatif, j\u2019ai suivi plusieurs formations professionnelles en coaching sportif, fitness et encadrement de cours collectifs. Cette d\u00e9marche m\u2019a permis d\u2019acqu\u00e9rir les connaissances essentielles en anatomie, biom\u00e9canique, progression et s\u00e9curit\u00e9, indispensables \u00e0 un coaching s\u00e9rieux et efficace. J\u2019accompagne chaque personne avec exigence et bienveillance, en travaillant la posture, la mobilit\u00e9, le renforcement musculaire, la performance et la motivation. En s\u00e9ance individuelle ou en groupe, mon approche reste personnalis\u00e9e, progressive et respectueuse du rythme de chacun. Programme personnalis\u00e9 Un programme personnalis\u00e9 pour r\u00e9pondre aux besoins sp\u00e9cifiques de chaque personne, centr\u00e9 sur le bien-\u00eatre, le renforcement de l&#8217;estime de soi, la reconnexion \u00e0 soi et le renforcement du corps : Bien-\u00eatre : Se retrouver et apprendre \u00e0 s&#8217;aimer \u00e0 travers un accompagnement sur mesure. Renforcement musculaire : Tonification et gain de force. Coordination et \u00e9quilibre : Am\u00e9lioration de la posture et des mouvements fonctionnels. Cardio et explosivit\u00e9 : D\u00e9veloppement de l&#8217;endurance et des capacit\u00e9s cardiovasculaires. Nutrition :\u00a0Conseils personnalis\u00e9s pour une alimentation \u00e9quilibr\u00e9e adapt\u00e9e \u00e0 vos objectifs et \u00e0 votre mode de vie, pour soutenir vos efforts physiques et optimiser les r\u00e9sultats. Informations : Dur\u00e9e minimale : 3 mois2 s\u00e9ances de 60 min \/ semaine Tous les coachings sont fix\u00e9s \u00e0 l\u2019avance et disponibles uniquement par abonnement Coaching priv\u00e9 Individuel 3 mois : 2&#8217;000 .- 6 mois : 3&#8217;800 .- 12 mois : 7&#8217;400 .- Coaching duo (2 personnes) 3 mois : 1&#8217;400 .- 6 mois : 2\u2019800 .- 12 mois : 5\u2019700 .- Coaching petit groupe (4 personnes) 3 mois : 900 .- 6 mois : 1\u2019920 .- 12 mois : 3\u2019800 .-<\/p>\n","protected":false},"author":1,"featured_media":0,"parent":0,"menu_order":0,"comment_status":"closed","ping_status":"closed","template":"","meta":{"_acf_changed":false,"footnotes":""},"class_list":["post-269","page","type-page","status-publish","hentry"],"acf":[],"_links":{"self":[{"href":"https:\/\/www.la-bulle-massage.ch\/index.php\/wp-json\/wp\/v2\/pages\/269","targetHints":{"allow":["GET"]}}],"collection":[{"href":"https:\/\/www.la-bulle-massage.ch\/index.php\/wp-json\/wp\/v2\/pages"}],"about":[{"href":"https:\/\/www.la-bulle-massage.ch\/index.php\/wp-json\/wp\/v2\/types\/page"}],"author":[{"embeddable":true,"href":"https:\/\/www.la-bulle-massage.ch\/index.php\/wp-json\/wp\/v2\/users\/1"}],"replies":[{"embeddable":true,"href":"https:\/\/www.la-bulle-massage.ch\/index.php\/wp-json\/wp\/v2\/comments?post=269"}],"version-history":[{"count":43,"href":"https:\/\/www.la-bulle-massage.ch\/index.php\/wp-json\/wp\/v2\/pages\/269\/revisions"}],"predecessor-version":[{"id":722,"href":"https:\/\/www.la-bulle-massage.ch\/index.php\/wp-json\/wp\/v2\/pages\/269\/revisions\/722"}],"wp:attachment":[{"href":"https:\/\/www.la-bulle-massage.ch\/index.php\/wp-json\/wp\/v2\/media?parent=269"}],"curies":[{"name":"wp","href":"https:\/\/api.w.org\/{rel}","templated":true}]}}